{"id":2609,"date":"2026-02-01T10:10:04","date_gmt":"2026-02-01T10:10:04","guid":{"rendered":"https:\/\/oscetvrta.edu.ba\/?page_id=2609"},"modified":"2026-02-01T11:03:28","modified_gmt":"2026-02-01T11:03:28","slug":"skolsko-podrucje","status":"publish","type":"page","link":"https:\/\/oscetvrta.edu.ba\/?page_id=2609","title":{"rendered":"\u0160kolsko podru\u010dje"},"content":{"rendered":"<p>\u0160kolsko podru\u010dje <a href=\"https:\/\/www.google.com\/maps\/@43.7947313,18.3211751,17z?entry=ttu&amp;g_ep=EgoyMDI2MDEyOC4wIKXMDSoKLDEwMDc5MjA2N0gBUAM%3D\">&#8220;\u010cetvrte osnovne \u0161kole&#8221;<\/a> \u010dine ulice:<\/p>\n<p>Vrelo, Tvrdica, Bunica, Kerima D\u017eafi\u0107a, Put spasa, Zije Krajine, Kolibe, Tinjak, Generala Izeta Nani\u0107a, Gaj, Begluk, La\u0161i\u010dki drum, Lasi\u010dke megare, Ba\u0161i\u0107a sokak, 6. April, Izeta Musi\u0107a, \u0160ehitluci, Suvada \u0110ulimana, Dervi\u0161 -pa\u0161e Bajezidagi\u0107a, Put Famosa, \u0160erifi\u0107i, Jasen, Zoranovi\u0107i<\/p>\n","protected":false},"excerpt":{"rendered":"<p>\u0160kolsko podru\u010dje &#8220;\u010cetvrte osnovne \u0161kole&#8221; \u010dine ulice: Vrelo, Tvrdica, Bunica, Kerima D\u017eafi\u0107a, Put spasa, Zije Krajine, Kolibe, Tinjak, Generala Izeta Nani\u0107a, Gaj, Begluk, La\u0161i\u010dki drum, Lasi\u010dke megare, Ba\u0161i\u0107a sokak, 6. April, Izeta Musi\u0107a, \u0160ehitluci, Suvada \u0110ulimana, Dervi\u0161 -pa\u0161e Bajezidagi\u0107a, Put<\/p>\n","protected":false},"author":4,"featured_media":0,"parent":0,"menu_order":0,"comment_status":"closed","ping_status":"closed","template":"","meta":{"footnotes":""},"class_list":["post-2609","page","type-page","status-publish","hentry"],"_links":{"self":[{"href":"https:\/\/oscetvrta.edu.ba\/index.php?rest_route=\/wp\/v2\/pages\/2609","targetHints":{"allow":["GET"]}}],"collection":[{"href":"https:\/\/oscetvrta.edu.ba\/index.php?rest_route=\/wp\/v2\/pages"}],"about":[{"href":"https:\/\/oscetvrta.edu.ba\/index.php?rest_route=\/wp\/v2\/types\/page"}],"author":[{"embeddable":true,"href":"https:\/\/oscetvrta.edu.ba\/index.php?rest_route=\/wp\/v2\/users\/4"}],"replies":[{"embeddable":true,"href":"https:\/\/oscetvrta.edu.ba\/index.php?rest_route=%2Fwp%2Fv2%2Fcomments&post=2609"}],"version-history":[{"count":10,"href":"https:\/\/oscetvrta.edu.ba\/index.php?rest_route=\/wp\/v2\/pages\/2609\/revisions"}],"predecessor-version":[{"id":2643,"href":"https:\/\/oscetvrta.edu.ba\/index.php?rest_route=\/wp\/v2\/pages\/2609\/revisions\/2643"}],"wp:attachment":[{"href":"https:\/\/oscetvrta.edu.ba\/index.php?rest_route=%2Fwp%2Fv2%2Fmedia&parent=2609"}],"curies":[{"name":"wp","href":"https:\/\/api.w.org\/{rel}","templated":true}]}}