{"id":2376,"date":"2025-09-25T09:18:45","date_gmt":"2025-09-25T09:18:45","guid":{"rendered":"https:\/\/oscetvrta.edu.ba\/?page_id=2376"},"modified":"2026-02-14T19:57:57","modified_gmt":"2026-02-14T19:57:57","slug":"vijece-roditelja-za-skolsku-2025-2026-godinu","status":"publish","type":"page","link":"https:\/\/oscetvrta.edu.ba\/?page_id=2376","title":{"rendered":"VIJE\u0106E RODITELJA ZA \u0160KOLSKU 2025\/2026. GODINU"},"content":{"rendered":"<p>Predsjednik vije\u0107a roditelja: <em><strong>Igor Roi\u0107<\/strong><\/em><\/p>\n<p>Zamjenik vije\u0107a roditelja: <em><strong>Edisa Hase\u010di\u0107<\/strong><\/em><\/p>\n<p>Sekretar :<em><strong> Haris Had\u017ei\u0107<\/strong><\/em><\/p>\n<p>&nbsp;<\/p>\n<p>Predstavnici vije\u0107a roditelja u \u0161kolskoj 2025\/2026. godini :<\/p>\n<p>&nbsp;<\/p>\n<p>I-1 Nermina Dedi\u0107<\/p>\n<p>I-2 Anela Durmo<\/p>\n<p>II-1 Semra Kari\u0107<\/p>\n<p>II-2 Amina Dedi\u0107<\/p>\n<p>III-1 Hamza Okeri\u0107<\/p>\n<p>III-2 Kenan Dedi\u0107<\/p>\n<p>IV-1 Igor Roi\u0107<\/p>\n<p>V-1 Adna Sal\u010din<\/p>\n<p>V-2 Lana Rizvanovi\u0107<\/p>\n<p>VI-1 Fikreta Smaji\u0107<\/p>\n<p>VI-2 Zejnil Durmo<\/p>\n<p>VII-1 Edisa Hase\u010di\u0107<\/p>\n<p>VIII-1 Mirsad Durmo<\/p>\n<p>VIII-2 Osman Holjan<\/p>\n<p>IX-1 Haris Had\u017ei\u0107<\/p>\n<p><strong>Napomena, <\/strong><br \/>\n<strong>\u010clanovima \u0160kolskog odbora koji su bili u mandatu od 13.2.2022. do 13.2.2026. godine istekao je mandat. <\/strong><br \/>\n<strong>U toku su procedure imenovanja novih \u010dlanova\/ica \u0160kolskog odbora.<\/strong><\/p>\n","protected":false},"excerpt":{"rendered":"<p>Predsjednik vije\u0107a roditelja: Igor Roi\u0107 Zamjenik vije\u0107a roditelja: Edisa Hase\u010di\u0107 Sekretar : Haris Had\u017ei\u0107 &nbsp; Predstavnici vije\u0107a roditelja u \u0161kolskoj 2025\/2026. godini : &nbsp; I-1 Nermina Dedi\u0107 I-2 Anela Durmo II-1 Semra Kari\u0107 II-2 Amina Dedi\u0107 III-1 Hamza Okeri\u0107 III-2<\/p>\n","protected":false},"author":2,"featured_media":0,"parent":0,"menu_order":0,"comment_status":"closed","ping_status":"closed","template":"","meta":{"footnotes":""},"class_list":["post-2376","page","type-page","status-publish","hentry"],"_links":{"self":[{"href":"https:\/\/oscetvrta.edu.ba\/index.php?rest_route=\/wp\/v2\/pages\/2376","targetHints":{"allow":["GET"]}}],"collection":[{"href":"https:\/\/oscetvrta.edu.ba\/index.php?rest_route=\/wp\/v2\/pages"}],"about":[{"href":"https:\/\/oscetvrta.edu.ba\/index.php?rest_route=\/wp\/v2\/types\/page"}],"author":[{"embeddable":true,"href":"https:\/\/oscetvrta.edu.ba\/index.php?rest_route=\/wp\/v2\/users\/2"}],"replies":[{"embeddable":true,"href":"https:\/\/oscetvrta.edu.ba\/index.php?rest_route=%2Fwp%2Fv2%2Fcomments&post=2376"}],"version-history":[{"count":6,"href":"https:\/\/oscetvrta.edu.ba\/index.php?rest_route=\/wp\/v2\/pages\/2376\/revisions"}],"predecessor-version":[{"id":2683,"href":"https:\/\/oscetvrta.edu.ba\/index.php?rest_route=\/wp\/v2\/pages\/2376\/revisions\/2683"}],"wp:attachment":[{"href":"https:\/\/oscetvrta.edu.ba\/index.php?rest_route=%2Fwp%2Fv2%2Fmedia&parent=2376"}],"curies":[{"name":"wp","href":"https:\/\/api.w.org\/{rel}","templated":true}]}}